) = z**2 - 4*z + 3. Let w = -1217 - -1289. Calculate the remainder when w is divided by s(6).
12
Let a(h) = -h**3 + 4*h**2 - 2*h + 2. Let p = -346 + 186. Let l = p - -169. What is the remainder when l is divided by a(2)?
3
Suppose -w + 2*c - 14 = 0, 8*c - 8 = -2*w + 3*c. Let x(l) = l**2 + 6*l + 9. What is the remainder when x(w) is divided by 6?
3
Suppose 4*o + 663 + 181 = 5*g, -5*o - 341 = -2*g. Suppose -2 = 2*x - g. What is the remainder when x is divided by 42?
41
Let s(r) = 4*r - 5. Let y be 1*86 + (-2 - -4). Suppose 0 = 4*w - 6*w + y. What is the remainder when w is divided by s(5)?
14
Suppose 1 + 17 = 3*r. Calculate the remainder when 92 is divided by r.
2
Let m(w) = -w**3 + w**2 + 2*w + 2. Calculate the remainder when m(-4) is divided by 36.
2
Suppose 2*h + 17 - 19 = 0. Let g(o) = 3 + 1 - 1 + 9*o**3 + 2*o**2 - 4. Calculate the remainder when 19 is divided by g(h).
9
Suppose 2 = -0*y - y. Let x = 110 - 60. What is the remainder when x is divided by (y/(-4))/(4/104)?
11
Let t(d) = -34*d**2 - 2*d + 1. Let p(v) = -102*v**2 - 6*v + 3. Let m(k) = -4*p(k) + 11*t(k). What is the remainder when m(1) is divided by 12?
11
Let i = 1792 - 1725. What is the remainder when i is divided by 6?
1
Suppose -6 = 2*b + 5*o + 3, -2*b - 12 = 4*o. Let g = -27 - b. Calculate the remainder when 28 is divided by (g/(-6))/(3/12).
8
Suppose -2*g + 4*g - 4 = 0, -118 = -4*q - 5*g. Suppose -2*y + 41 = 3*n + 2*y, 0 = -3*n - 3*y + 36. Calculate the remainder when q is divided by n.
6
Suppose -35 = 18*b - 23*b. Suppose -3*x + x + 100 = 0. Calculate the remainder when x is divided by b.
1
Suppose -3*n + 16 = -2*n. What is the remainder when n is divided by (-9)/27 + 1/3*(-264)/(-12)?
2
Let w = 2979 - 2795. What is the remainder when 211 is divided by w?
27
Suppose 4*k + k = 10. Suppose -h = 3*b - 11, 3*b + 0*h = -4*h + 8. Suppose 0 = 4*v - 0 - b. What is the remainder when k is divided by v?
0
Let y = 765 + -626. What is the remainder when 411 is divided by y?
133
Let i(b) = b**3 + 7*b**2 + 2*b - 11. What is the remainder when i(-5) is divided by 10?
9
Let p = 35 - 36. Suppose -5*n + 184 = -2*v + 70, 4*n - 4*v = 96. Calculate the remainder when -27*(42/9)/(2/p) is divided by n.
19
Let b(j) = 3*j**2 + j - 99. Calculate the remainder when 2118 is divided by b(8).
98
Let r = 75 - 43. Calculate the remainder when r is divided by ((-2)/(-6))/((-35)/(-42))*30.
8
Let j = 860 - 777. Calculate the remainder when j is divided by 46.
37
Suppose -q + 3 = 0, -3*a - 2*a - 4*q = -27. Suppose -4*o = -2*j - 68, 0*o - 2*j + 58 = a*o. Calculate the remainder when o is divided by 6.
0
Suppose 0 = 28*j - 1613 + 45. What is the remainder when 612 is divided by j?
52
Let y be 4/6 - (-36)/27. Calculate the remainder when 29 is divided by -1*(-33)/y + 11/22.
12
Let c = 125 - 137. What is the remainder when 113/7 - c/(-84) is divided by 9?
7
Let w be (-63)/6 - 5/(-10). Calculate the remainder when (-114)/15*w/1 is divided by 20.
16
Suppose -4*a = 8 - 0. Calculate the remainder when 46 is divided by (0/(-2))/a - -16.
14
Let u(v) = -v + 3. Let f be u(-3). Suppose f*s = 10*s + 128. Let q = -22 - s. Calculate the remainder when 47 is divided by q.
7
Suppose -372 = 10*g - 13*g. Suppose -8*m = -4*m - g. Calculate the remainder when m is divided by 12.
7
Suppose 59 = 2*w - 13. Let v = 59 - w. What is the remainder when v is divided by 14?
9
Suppose 6*v + 66 = 3*v. Let m = v - 6. Calculate the remainder when (m/35)/((-4)/70) is divided by 4.
2
Let x be 3/(-6) + (-402)/(-4). Suppose -x - 32 = -4*t. What is the remainder when 98 is divided by t?
32
Let c(u) = u**2 + 1. Let m be c(0). Calculate the remainder when (-1)/((-12)/9 + m) is divided by 2.
1
Let c(g) = -9*g**3 + g**2 + 6*g + 15. What is the remainder when c(-2) is divided by 29?
21
Let r = -80 + 77. What is the remainder when 93 is divided by -12*(-1 + r + 3)?
9
Let a(b) = 4*b - 14. Let i be a(4). Suppose 0 = m - 3*q - 6, -i*q - 53 = -3*m - 0*q. Calculate the remainder when 61 is divided by m.
19
Let u(k) = -k**3 + 9*k**2 - 9*k + 11. Suppose -2*a + 5*m + 29 = 0, -5*a + 5 + 15 = -2*m. Let v = 6 + a. Calculate the remainder when u(v) is divided by 2.
1
Suppose 4 = 2*i - 3*i, 3*d + i - 17 = 0. Suppose -d*y = -3*y - 80. Suppose 2*a = 3*a - 11. Calculate the remainder when y is divided by a.
9
Let k be (-5)/(-4) - 126/24. Calculate the remainder when 72 + (k - 0 - -5) is divided by 25.
23
Let o(l) = -l - 7. Let x be o(-7). Suppose j + x*j - 2 = 0. Calculate the remainder when j is divided by 2.
0
Let k(b) = 2*b**2 + 16*b - 30. What is the remainder when k(-23) is divided by 39?
36
Let t = 77 - 80. Calculate the remainder when (-4 - t)*(0 - 2)*41 is divided by 14.
12
Let z(l) = 9 - 2 - 2*l + l. What is the remainder when -10*(-2)/(-12)*-3 is divided by z(5)?
1
Let h(t) = 42*t - 26*t - 24*t**2 + t**3 - 9 + 10*t**2. Calculate the remainder when h(13) is divided by 16.
14
Suppose 4*t + 2*a - 52 = 0, 26*a - 24*a + 14 = 2*t. Calculate the remainder when 140 is divided by t.
8
Suppose 4*d + g = 217, -5*g + 40 = d - 0*d. What is the remainder when d is divided by 6?
1
Suppose -119 = -2*s - 311. What is the remainder when 21 is divided by (-14)/2*s/56?
9
Let t(p) = -8*p + 24. Let j be t(3). Suppose j = -5*g + 94 + 91. Calculate the remainder when 145 is divided by g.
34
Calculate the remainder when (-30)/(-6) + -10 + 156 is divided by 20.
11
Suppose -4*z + 272 = 3*s + 76, 2*s - 5*z = 146. What is the remainder when 199 is divided by s?
63
Suppose -302 = -22*h + 248. Let i = -15 - -42. Suppose 0 = -j + 4*j - i. What is the remainder when h is divided by j?
7
Suppose s - 11 = -2*u, 2*s = -s - 4*u + 27. Calculate the remainder when 15 is divided by s.
0
Suppose -297 = -3*t - 2*j - 44, 5*j + 345 = 4*t. What is the remainder when t is divided by 31?
23
Suppose v + 0*v = -2*h + 27, 3*h - 57 = 4*v. Let l(b) = b**3 - b + 18. Let s be l(6). Let f = s + -155. What is the remainder when f is divided by h?
13
Let u be (-17)/(-85) + (-129)/(-5). Suppose 5*m = 3*w + u, m - 16 = -3*m + 4*w. Let q = m + 3. Calculate the remainder when 38 is divided by q.
8
Let i(v) = -13*v + 260. What is the remainder when 363 is divided by i(13)?
90
Let f(b) = -55*b + 20. Let z be f(-2). Let u = z - 67. What is the remainder when u is divided by 17?
12
Suppose -u + 250 = 5*w, -2*w - 5*u = -12 - 65. What is the remainder when w is divided by (-1170)/(-126) - (24/(-14) - -2)?
6
Suppose 0 = 3*x - 2*x - 4*v - 11, 0 = -2*x + 5*v + 10. Let c = -22 - -25. What is the remainder when (10/4)/x*-20 is divided by c?
1
Let a = -714 + 731. Calculate the remainder when a is divided by 14.
3
Let p(g) = 18*g - 1015. Calculate the remainder when 289 is divided by p(58).
28
Let p(s) = -1. Let a(c) = -2*c - 7. Let h(u) = a(u) - 4*p(u). Calculate the remainder when 18 is divided by h(-7).
7
Let d(j) = -9*j**2 + j**3 + 4*j**2 - 3*j**3 - 2*j + 2. Suppose 4*p - 78 - 250 = 0. What is the remainder when p is divided by d(-3)?
14
Suppose -15*h + 69 + 111 = 0. Suppose 0 = -2*t - 2 - 2, 5*f - 5*t = 235. Calculate the remainder when f is divided by h.
9
Suppose 3*d = -4*w + 19, 5*d = 5 - 0. Suppose -3*j = -w*p - 302, -4*p - 5*j - 316 = -j. Let y = p + 141. Calculate the remainder when y is divided by 17.
13
Suppose -32 = -9*n + 319. Suppose -33 = -4*i - 13. What is the remainder when n is divided by i?
4
Let a = -345 - -356. What is the remainder when 53 is divided by a?
9
Let b = -1132 - -1218. What is the remainder when 147 is divided by b?
61
Let p = -10 + 40. Let a(r) = r**3 + 8*r**2 + 5*r - 15. Let z be a(-7). What is the remainder when p is divided by z/(224/(-44) - -5)?
8
Suppose -583 = -3*c - 2*p, 3*c - 1 = p + 594. What is the remainder when c is divided by 101?
96
Let y = -15 - -108. Calculate the remainder when y is divided by (2*4)/((-48)/(-192)).
29
Let f be -8 - 2*(4 + -6). Calculate the remainder when 3 + 24 - ((f - -1) + 2) is divided by 9.
1
Let l = 45 + -19. Suppose 3*u = 5*h - 242, 18 = 2*h - u - 79. What is the remainder when h is divided by l?
23
Suppose -2*q - q = -15. Suppose 0*x = -w + q*x - 23, 4*w + 5*x - 33 = 0. What is the remainder when -25*(0 - -1 - w) is divided by 9?
7
What is the remainder when (4/(-14) + 4433/(-434))*-78 is divided by 20?
19
Let c = -245 - -458. What is the remainder wh